{"id":54,"date":"2019-12-08T18:24:09","date_gmt":"2019-12-08T17:24:09","guid":{"rendered":"http:\/\/domkimorskiraj.pl\/?page_id=54"},"modified":"2026-01-30T14:41:43","modified_gmt":"2026-01-30T13:41:43","slug":"index","status":"publish","type":"page","link":"http:\/\/domkimorskiraj.pl\/","title":{"rendered":"index"},"content":{"rendered":"<p>[et_pb_section fb_built=&#8221;1&#8243; fullwidth=&#8221;on&#8221; module_id=&#8221;stronaglowna&#8221; _builder_version=&#8221;4.16&#8243; global_colors_info=&#8221;{}&#8221;][et_pb_fullwidth_slider use_bg_overlay=&#8221;off&#8221; _builder_version=&#8221;4.16&#8243; background_enable_image=&#8221;off&#8221; custom_button=&#8221;on&#8221; auto=&#8221;on&#8221; global_colors_info=&#8221;{}&#8221;][et_pb_slide heading=&#8221;Domki 800m od pla\u017cy&#8221; use_bg_overlay=&#8221;on&#8221; bg_overlay_color=&#8221;rgba(0,0,0,0.15)&#8221; _builder_version=&#8221;4.16&#8243; header_font=&#8221;|700|||||||&#8221; body_font=&#8221;|700|||||||&#8221; background_image=&#8221;http:\/\/domkimorskiraj.pl\/wp-content\/uploads\/2019\/12\/2bd27fcb133f640f-2500&#215;1668-1.jpg&#8221; background_enable_image=&#8221;on&#8221; global_colors_info=&#8221;{}&#8221; sticky_transition=&#8221;on&#8221;]<\/p>\n<p style=\"text-align: center;\">D\u0118BKI, z dala od miejskiego zgie\u0142ku i ha\u0142asu<\/p>\n<p>[\/et_pb_slide][et_pb_slide heading=&#8221;Jedna z najpi\u0119kniejszych pla\u017c w Polsce&#8221; use_bg_overlay=&#8221;on&#8221; bg_overlay_color=&#8221;rgba(0,0,0,0.15)&#8221; _builder_version=&#8221;4.16&#8243; header_font=&#8221;|700|||||||&#8221; body_font=&#8221;|700|||||||&#8221; background_image=&#8221;http:\/\/domkimorskiraj.pl\/wp-content\/uploads\/2019\/12\/AdobeStock_131242635.jpeg&#8221; background_enable_image=&#8221;on&#8221; global_colors_info=&#8221;{}&#8221; sticky_transition=&#8221;on&#8221;]<\/p>\n<p style=\"text-align: center;\">Czysta, szeroka i piaszczysta<\/p>\n<p>[\/et_pb_slide][\/et_pb_fullwidth_slider][\/et_pb_section][et_pb_section fb_built=&#8221;1&#8243; module_id=&#8221;oferta&#8221; _builder_version=&#8221;4.16&#8243; global_colors_info=&#8221;{}&#8221;][et_pb_row _builder_version=&#8221;4.16&#8243; custom_margin=&#8221;-11px|auto||auto||&#8221; global_colors_info=&#8221;{}&#8221;][et_pb_column type=&#8221;4_4&#8243; _builder_version=&#8221;4.16&#8243; global_colors_info=&#8221;{}&#8221;][\/et_pb_column][\/et_pb_row][et_pb_row _builder_version=&#8221;4.16&#8243; module_alignment=&#8221;center&#8221; custom_margin=&#8221;|auto||172px||&#8221; global_colors_info=&#8221;{}&#8221;][et_pb_column type=&#8221;4_4&#8243; _builder_version=&#8221;4.16&#8243; global_colors_info=&#8221;{}&#8221;][et_pb_text _builder_version=&#8221;4.16&#8243; text_text_color=&#8221;#0b43bc&#8221; text_font_size=&#8221;30px&#8221; header_4_font_size=&#8221;20px&#8221; text_orientation=&#8221;center&#8221; custom_margin=&#8221;0px|||||&#8221; custom_padding=&#8221;0px||12px|||&#8221; global_colors_info=&#8221;{}&#8221;]<\/p>\n<h1><strong>Domki Morski Raj &#8211; D\u0119bki nad morzem<\/strong><\/h1>\n<h4><strong>Sp\u0119d\u017a z nami Sw\u00f3j wymarzony urlop nad morzem w cichej i spokojnej dzielnicy D\u0119bek.<\/strong><\/h4>\n<p>[\/et_pb_text][\/et_pb_column][\/et_pb_row][et_pb_row column_structure=&#8221;3_5,2_5&#8243; _builder_version=&#8221;4.16&#8243; global_colors_info=&#8221;{}&#8221;][et_pb_column type=&#8221;3_5&#8243; _builder_version=&#8221;4.16&#8243; global_colors_info=&#8221;{}&#8221;][et_pb_image src=&#8221;http:\/\/domkimorskiraj.pl\/wp-content\/uploads\/2019\/12\/f80afe76133f640f-2500&#215;1668.jpg&#8221; _builder_version=&#8221;4.16&#8243; global_colors_info=&#8221;{}&#8221;][\/et_pb_image][\/et_pb_column][et_pb_column type=&#8221;2_5&#8243; _builder_version=&#8221;4.16&#8243; global_colors_info=&#8221;{}&#8221;][et_pb_text _builder_version=&#8221;4.16&#8243; text_font_size=&#8221;16px&#8221; global_colors_info=&#8221;{}&#8221;]<\/p>\n<p style=\"text-align: justify;\">Oferujemy komfortowe, nowoczesne, stylowe domki nad morzem, zaprojektowane z my\u015bl\u0105 o najbardziej wymagaj\u0105cych go\u015bciach, wykonane w bardzo wysokim standardzie.<\/p>\n<p style=\"text-align: justify;\">Rozmieszczone na posesji w spos\u00f3b neutralny i niekr\u0119puj\u0105cy\u00a0(m. in. indywidualny trawnik przed ka\u017cdym domkiem, dwie \u0142azienki). Domy ocieplone i wyciszone.<\/p>\n<p style=\"text-align: justify;\">Usytuowane w bardzo spokojnej cz\u0119\u015bci D\u0119bek, oko\u0142o 800 m od pla\u017cy (10 min spacerkiem).<\/p>\n<p style=\"text-align: justify;\">Powierzchnia naszych domk\u00f3w wynosi 60 m2, ka\u017cdy pomie\u015bci 4 &#8211; 6 os\u00f3b.<\/p>\n<p>[\/et_pb_text][\/et_pb_column][\/et_pb_row][et_pb_row column_structure=&#8221;2_5,3_5&#8243; _builder_version=&#8221;4.16&#8243; global_colors_info=&#8221;{}&#8221;][et_pb_column type=&#8221;2_5&#8243; _builder_version=&#8221;4.16&#8243; global_colors_info=&#8221;{}&#8221;][et_pb_text _builder_version=&#8221;4.16&#8243; text_font_size=&#8221;16px&#8221; global_colors_info=&#8221;{}&#8221;]<strong>WYPOSA\u017bENIE DOMK\u00d3W;\u00a0<\/strong><\/p>\n<ul>\n<li>TV kablowa, kilkadziesi\u0105t kana\u0142\u00f3w<\/li>\n<li>Wi &#8211; Fi indywidualne dla ka\u017cdego domku<\/li>\n<li>w sypialniach po\u015bciel, szafy z indywidualnym o\u015bwietleniem (po otwarciu)<\/li>\n<li>aneks kuchenny bogato wyposa\u017cony<\/li>\n<li>lod\u00f3wka<\/li>\n<li>kuchenka indukcyjna<\/li>\n<li>kuchenka mikrofalowa<\/li>\n<li>czajnik bezprzewodowy<\/li>\n<li>komplet garnk\u00f3w<\/li>\n<li>patelnia<\/li>\n<li>zastawa sto\u0142owa<\/li>\n<li>\u015bcierki kuchenne, g\u0105bki, p\u0142yn do mycia naczy\u0144<\/li>\n<li>w \u0142azience na parterze suszarka do w\u0142os\u00f3w<\/li>\n<li>suszarka zewn\u0119trzna do bielizny<\/li>\n<li>na tarasie meble ogrodowe<\/li>\n<li>grill<\/li>\n<li>le\u017caki na trawniku przed domem<\/li>\n<li>Pakiet Baby (\u0142\u00f3\u017ceczko turystyczne, krzese\u0142ko do karmienia oraz wanienka) 20 z\u0142 \/ doba.<\/li>\n<\/ul>\n<p>Akceptujemy zwierz\u0119ta 30 z\u0142 \/ doba.[\/et_pb_text][\/et_pb_column][et_pb_column type=&#8221;3_5&#8243; _builder_version=&#8221;4.16&#8243; global_colors_info=&#8221;{}&#8221;][et_pb_image src=&#8221;http:\/\/domkimorskiraj.pl\/wp-content\/uploads\/2019\/12\/d56e1c62133f640f-2500&#215;1668.jpg&#8221; _builder_version=&#8221;4.16&#8243; global_colors_info=&#8221;{}&#8221;][\/et_pb_image][\/et_pb_column][\/et_pb_row][\/et_pb_section][et_pb_section fb_built=&#8221;1&#8243; module_id=&#8221;galeria&#8221; _builder_version=&#8221;4.16&#8243; global_colors_info=&#8221;{}&#8221;][et_pb_row _builder_version=&#8221;4.16&#8243; global_colors_info=&#8221;{}&#8221;][et_pb_column type=&#8221;4_4&#8243; _builder_version=&#8221;4.16&#8243; global_colors_info=&#8221;{}&#8221;][et_pb_text _builder_version=&#8221;4.16&#8243; text_font_size=&#8221;20px&#8221; global_colors_info=&#8221;{}&#8221;]<\/p>\n<h1 style=\"text-align: center;\"><strong>Galeria<\/strong><\/h1>\n<p>[\/et_pb_text][\/et_pb_column][\/et_pb_row][et_pb_row _builder_version=&#8221;4.16&#8243; global_colors_info=&#8221;{}&#8221;][et_pb_column type=&#8221;4_4&#8243; _builder_version=&#8221;4.16&#8243; global_colors_info=&#8221;{}&#8221;][et_pb_gallery gallery_ids=&#8221;87,83,81,88,71,86,80,84,76,77,85,75,89,78,290,296,295,287,288,289,293&#8243; posts_number=&#8221;12&#8243; orientation=&#8221;portrait&#8221; show_title_and_caption=&#8221;off&#8221; _builder_version=&#8221;4.27.4&#8243; border_radii_image=&#8221;on|1px|1px|1px|1px&#8221; border_width_all_image=&#8221;2px&#8221; border_color_all_image=&#8221;#0c71c3&#8243; global_colors_info=&#8221;{}&#8221;][\/et_pb_gallery][\/et_pb_column][\/et_pb_row][\/et_pb_section][et_pb_section fb_built=&#8221;1&#8243; module_id=&#8221;cennik&#8221; _builder_version=&#8221;4.16&#8243; global_colors_info=&#8221;{}&#8221;][et_pb_row _builder_version=&#8221;4.16&#8243; global_colors_info=&#8221;{}&#8221;][et_pb_column type=&#8221;4_4&#8243; _builder_version=&#8221;4.16&#8243; global_colors_info=&#8221;{}&#8221;][et_pb_text _builder_version=&#8221;4.27.5&#8243; hover_enabled=&#8221;0&#8243; global_colors_info=&#8221;{}&#8221; sticky_enabled=&#8221;0&#8243;]<\/p>\n<h1 style=\"text-align: center;\"><strong>Cennik 2026<\/strong><\/h1>\n<p>[\/et_pb_text][\/et_pb_column][\/et_pb_row][et_pb_row _builder_version=&#8221;4.16&#8243; global_colors_info=&#8221;{}&#8221;][et_pb_column type=&#8221;4_4&#8243; _builder_version=&#8221;4.16&#8243; global_colors_info=&#8221;{}&#8221;][et_pb_image src=&#8221;http:\/\/domkimorskiraj.pl\/wp-content\/uploads\/2026\/01\/Zrzut-ekranu-2026-01-30-o-14.40.09.png&#8221; title_text=&#8221;Cennik 2026&#8243; _builder_version=&#8221;4.27.5&#8243; _module_preset=&#8221;default&#8221; hover_enabled=&#8221;0&#8243; global_colors_info=&#8221;{}&#8221; sticky_enabled=&#8221;0&#8243;][\/et_pb_image][et_pb_text _builder_version=&#8221;4.27.4&#8243; _module_preset=&#8221;default&#8221; global_colors_info=&#8221;{}&#8221;]<\/p>\n<p><i>* &#8211; cena uzale\u017cniona jest od liczby os\u00f3b i d\u0142ugo\u015bci terminu<\/i><\/p>\n<p>[\/et_pb_text][\/et_pb_column][\/et_pb_row][\/et_pb_section][et_pb_section fb_built=&#8221;1&#8243; module_id=&#8221;kontakt&#8221; _builder_version=&#8221;4.16&#8243; global_colors_info=&#8221;{}&#8221;][et_pb_row _builder_version=&#8221;4.16&#8243; global_colors_info=&#8221;{}&#8221;][et_pb_column type=&#8221;4_4&#8243; _builder_version=&#8221;4.16&#8243; global_colors_info=&#8221;{}&#8221;][et_pb_text _builder_version=&#8221;4.16&#8243; global_colors_info=&#8221;{}&#8221;]<\/p>\n<h1 style=\"text-align: center;\"><strong>Kontakt<\/strong><\/h1>\n<p>[\/et_pb_text][\/et_pb_column][\/et_pb_row][et_pb_row column_structure=&#8221;1_3,1_3,1_3&#8243; _builder_version=&#8221;4.16&#8243; global_colors_info=&#8221;{}&#8221;][et_pb_column type=&#8221;1_3&#8243; _builder_version=&#8221;4.16&#8243; global_colors_info=&#8221;{}&#8221;][\/et_pb_column][et_pb_column type=&#8221;1_3&#8243; _builder_version=&#8221;4.16&#8243; global_colors_info=&#8221;{}&#8221;][et_pb_text _builder_version=&#8221;4.16&#8243; text_font_size=&#8221;20px&#8221; global_colors_info=&#8221;{}&#8221;]<\/p>\n<p style=\"text-align: center;\"><strong>Masz pytania?<\/strong><br \/>\n<strong>Skontaktuj si\u0119 z nami!<\/strong><\/p>\n<p>[\/et_pb_text][\/et_pb_column][et_pb_column type=&#8221;1_3&#8243; _builder_version=&#8221;4.16&#8243; global_colors_info=&#8221;{}&#8221;][\/et_pb_column][\/et_pb_row][et_pb_row column_structure=&#8221;1_3,1_3,1_3&#8243; _builder_version=&#8221;4.16&#8243; global_colors_info=&#8221;{}&#8221;][et_pb_column type=&#8221;1_3&#8243; _builder_version=&#8221;4.16&#8243; global_colors_info=&#8221;{}&#8221;][et_pb_image src=&#8221;http:\/\/domkimorskiraj.pl\/wp-content\/uploads\/2019\/12\/2bd27fcb133f640f-2500&#215;1668-1.jpg&#8221; _builder_version=&#8221;4.16&#8243; global_colors_info=&#8221;{}&#8221;][\/et_pb_image][\/et_pb_column][et_pb_column type=&#8221;1_3&#8243; _builder_version=&#8221;4.16&#8243; global_colors_info=&#8221;{}&#8221;][et_pb_blurb use_icon=&#8221;on&#8221; font_icon=&#8221;&#xe010;||divi||400&#8243; _builder_version=&#8221;4.16&#8243; text_orientation=&#8221;center&#8221; custom_padding=&#8221;||0px|||&#8221; global_colors_info=&#8221;{}&#8221;]<\/p>\n<p style=\"text-align: center;\">tel.\u00a0576 150 900<br \/>\nemail:\u00a0<a href=\"mailto:kontakt@domkimorskiraj.pl\" target=\"_blank\" rel=\"noopener noreferrer\">kontakt@domkimorskiraj.pl<\/a><\/p>\n<p>[\/et_pb_blurb][\/et_pb_column][et_pb_column type=&#8221;1_3&#8243; _builder_version=&#8221;4.16&#8243; global_colors_info=&#8221;{}&#8221;][et_pb_blurb use_icon=&#8221;on&#8221; font_icon=&#8221;&#xe01d;||divi||400&#8243; _builder_version=&#8221;4.16&#8243; text_orientation=&#8221;center&#8221; global_colors_info=&#8221;{}&#8221;]<\/p>\n<p style=\"text-align: center;\">ul. Sportowa 15<br \/>\n84 &#8211; 110 D\u0119bki<\/p>\n<p>[\/et_pb_blurb][\/et_pb_column][\/et_pb_row][\/et_pb_section][et_pb_section fb_built=&#8221;1&#8243; fullwidth=&#8221;on&#8221; _builder_version=&#8221;4.16&#8243; global_colors_info=&#8221;{}&#8221;][et_pb_fullwidth_code _builder_version=&#8221;4.16&#8243; global_colors_info=&#8221;{}&#8221;]<iframe loading=\"lazy\" style=\"border: 0;\" src=\"https:\/\/www.google.com\/maps\/embed?pb=!1m14!1m8!1m3!1d9193.807499158085!2d18.0913733!3d54.8247464!3m2!1i1024!2i768!4f13.1!3m3!1m2!1s0x0%3A0xf4e13f8b974671e3!2sDomki%20MORSKI%20RAJ!5e0!3m2!1spl!2spl!4v1575998571528!5m2!1spl!2spl\" width=\"100%\" height=\"450\" frameborder=\"0\" allowfullscreen=\"allowfullscreen\"><\/iframe>[\/et_pb_fullwidth_code][\/et_pb_section]<\/p>\n","protected":false},"excerpt":{"rendered":"<p>D\u0118BKI, z dala od miejskiego zgie\u0142ku i ha\u0142asuCzysta, szeroka i piaszczystaDomki Morski Raj &#8211; D\u0119bki nad morzem Sp\u0119d\u017a z nami Sw\u00f3j wymarzony urlop nad morzem w cichej i spokojnej dzielnicy D\u0119bek.Oferujemy komfortowe, nowoczesne, stylowe domki nad morzem, zaprojektowane z my\u015bl\u0105 o najbardziej wymagaj\u0105cych go\u015bciach, wykonane w bardzo wysokim standardzie. Rozmieszczone na posesji w spos\u00f3b neutralny [&hellip;]<\/p>\n","protected":false},"author":1,"featured_media":0,"parent":0,"menu_order":0,"comment_status":"closed","ping_status":"closed","template":"","meta":{"_et_pb_use_builder":"on","_et_pb_old_content":"","_et_gb_content_width":"","footnotes":""},"class_list":["post-54","page","type-page","status-publish","hentry"],"_links":{"self":[{"href":"http:\/\/domkimorskiraj.pl\/index.php\/wp-json\/wp\/v2\/pages\/54","targetHints":{"allow":["GET"]}}],"collection":[{"href":"http:\/\/domkimorskiraj.pl\/index.php\/wp-json\/wp\/v2\/pages"}],"about":[{"href":"http:\/\/domkimorskiraj.pl\/index.php\/wp-json\/wp\/v2\/types\/page"}],"author":[{"embeddable":true,"href":"http:\/\/domkimorskiraj.pl\/index.php\/wp-json\/wp\/v2\/users\/1"}],"replies":[{"embeddable":true,"href":"http:\/\/domkimorskiraj.pl\/index.php\/wp-json\/wp\/v2\/comments?post=54"}],"version-history":[{"count":87,"href":"http:\/\/domkimorskiraj.pl\/index.php\/wp-json\/wp\/v2\/pages\/54\/revisions"}],"predecessor-version":[{"id":304,"href":"http:\/\/domkimorskiraj.pl\/index.php\/wp-json\/wp\/v2\/pages\/54\/revisions\/304"}],"wp:attachment":[{"href":"http:\/\/domkimorskiraj.pl\/index.php\/wp-json\/wp\/v2\/media?parent=54"}],"curies":[{"name":"wp","href":"https:\/\/api.w.org\/{rel}","templated":true}]}}